 d/12 - 4/(-24). Let r(n) = 26*n - 3. Let m be r(u). Calculate the highest common factor of m and 17.
17
Let x be (2 + (-48)/27)*9. Let m(i) = i**2 + 3*i + 9. Let k be m(-6). Let w = 45 - k. Calculate the highest common divisor of w and x.
2
Suppose o = -2*m - 2*m + 12, -5*m + 22 = 3*o. Let c be 10/((-20)/(-4)) - 4/(-4). Calculate the greatest common divisor of m and c.
1
Let l(w) = 4*w - 8. Suppose 0 = -u + 2, 1 + 1 = -z + 4*u. Let r be l(z). Suppose 200 = 3*c - 184. Calculate the highest common divisor of c and r.
16
Suppose -3*y - 3*p + 75 = 0, -y = -4*y - 5*p + 77. Calculate the highest common factor of 344 and y.
8
Let w(o) = o**2 - 14*o + 8. Let i be w(13). Let v(y) = -10*y. Let d be v(i). Let j be (1 + -11)*(5 - 7). Calculate the highest common divisor of j and d.
10
Let u(m) = m**3 - 22*m**2 - m + 27. Let p be u(22). Suppose p*x - x = 5*c - 192, 5*c - 2*x - 186 = 0. Calculate the highest common factor of c and 27.
9
Suppose 5*q + 4*o - 612 = 0, 0 = 5*q - o + 6*o - 615. Let p(c) = c**3 - 16*c**2 - 16*c - 336. Let x be p(18). What is the highest common factor of q and x?
24
Suppose -3*n + 462 = 4*d, 2*d - 4*n - 116 = 104. What is the greatest common divisor of 266 and d?
38
Suppose 0 = -14*n + 6591 + 129. Calculate the greatest common factor of 15 and n.
15
Let o be (-2)/(-10) - (-632)/40. Let s be (-1)/8 - (-5 - 258/o). Calculate the highest common factor of s and 63.
21
Suppose -2*k - 20 - 88 = -4*w, 2*k + 136 = 5*w. What is the greatest common divisor of w and 21?
7
Suppose v = -b + 7, -2*b + 22 = -2*v - 0. Calculate the greatest common factor of 531 and b.
9
Suppose 2*y + 4*t - 60 = -y, 0 = -2*y - t + 35. Suppose 2*b - 8 - y = 0. What is the highest common factor of 60 and b?
12
Let u be ((-3)/(9/24))/(12/(-42)). Calculate the highest common factor of 2212 and u.
28
Let f = -2 - 1. Let m be (-4 - f)/(1/(-7)). Suppose -m*n + 35 = -2*n. What is the greatest common divisor of n and 63?
7
Let r be (-4577)/(-46) + (-1)/(-2). Let x = -99 - -103. Calculate the highest common factor of r and x.
4
Suppose -5*p + 192 = -193. Suppose 7 - 9 = -o, 0 = -2*j + o + 12. What is the highest common divisor of j and p?
7
Let f(c) = 2*c**2 - 14*c + 35. Let a be f(5). Suppose i - r - 1 = 0, 5 = r - 0. Calculate the greatest common divisor of i and a.
3
Let i(j) = -2*j + 42. Let z be i(14). What is the highest common factor of 6 and z?
2
Let l = 96 + -101. Let v(o) = 2*o**3 + 13*o**2 + 2*o + 5. Let t be v(l). Calculate the greatest common factor of t and 105.
35
Let y(q) = 2*q + 1. Let i be y(-1). Let f be 20/(-40) - -103*i/(-2). What is the greatest common factor of 204 and f?
51
Let z(y) = 11*y - 11. Let d(q) = -q. Let f(w) = 6*d(w) + z(w). Let a be f(5). Let v be 1 + 72/1 + -3. What is the highest common factor of v and a?
14
Let v(d) = 7*d**2 - 21*d - 63. Let c be v(-3). What is the greatest common factor of c and 252?
63
Let m(q) = q**2 + 60*q + 444. Let f be m(-72). Calculate the highest common factor of f and 12.
12
Let b = -204 + 299. Let q(l) = -l**3 - 9*l**2 - 3. Let o be q(-9). Let t be (-66 - -2)/(-4) - o. What is the highest common divisor of b and t?
19
Let g = -467 - -462. Let z(m) = m**2 + m - 1. Let d be z(0). Let i be 1 + d - (g - 2). What is the highest common factor of i and 77?
7
Suppose -z + 3*t - 2*t - 2 = 0, z - 2*t = -6. Suppose -5*v + 0*h + 106 = -3*h, -3*v + 3*h + 66 = 0. What is the greatest common factor of v and z?
2
Suppose a = -4*t + 3*t - 7, -3*a = -4*t - 7. Let x = t - -1. Let g = x + 6. Calculate the greatest common factor of g and 12.
3
Let j(h) = 8*h**2 + 2*h - 4. Let o be j(4). Suppose 0 = -y + 3*n - 12, -2*y - 3*n - o = 3*y. Let u = 32 + y. Calculate the greatest common factor of u and 2.
2
Let w = -1 - -14. Let q = -7 + 59. What is the greatest common divisor of q and w?
13
Let d(m) = -m**3 - 6*m**2 + m + 3. Let o be d(-7). Suppose -3*w = 9 - o. Let x = w - 7. Calculate the greatest common divisor of 35 and x.
5
Let s be 0/(-4) + 22 + 0. Suppose -3*h + 4*x + 173 = 0, 0 = -5*h + x + 133 + 144. What is the highest common divisor of s and h?
11
Let n = 80 - 78. Let a = 46 - 30. Calculate the greatest common divisor of n and a.
2
Let w(b) = -3*b**2 + 17*b - 10. Let l be w(5). Let n be -4*(-5 + 2 + l). What is the greatest common divisor of 8 and n?
4
Let r(m) = -31*m + 10. Let n be r(-2). Calculate the greatest common factor of n and 744.
24
Suppose 5*f - 9 = 2*f. Suppose f*t = p + 51, -t + 5*p = 4*t - 85. What is the highest common factor of 136 and t?
17
Let h be (-2)/5 - (-24)/10. Suppose -48 = -h*y - 4*y. Suppose -y = -3*t - 5. What is the greatest common divisor of 9 and t?
1
Let a = 7 + 106. Let d = a + -43. Suppose -2*r + 43 = -5*b, 0 = -4*r + 5*b - 10*b + 41. Calculate the greatest common factor of r and d.
14
Let t(r) be the second derivative of r**5/20 + 5*r**4/12 - 5*r**3/6 + 5*r**2 - 5*r. Let l be t(-5). Calculate the highest common divisor of 70 and l.
35
Let m be (-5 + 157 - 0) + 4. What is the greatest common factor of m and 24?
12
Suppose -a - 8*n + 9*n = -3229, 4*n = 3*a - 9682. What is the highest common factor of 22 and a?
22
Let g(m) = -22*m - 14. Let x be g(-12). What is the highest common divisor of 25 and x?
25
Let c(b) = -b**2 + 18*b + 29. Let o be c(7). Calculate the greatest common factor of o and 530.
106
Suppose -2233 = -83*q + 76*q. What is the greatest common divisor of q and 29?
29
Suppose -5*o = -s - 334 - 547, -o - 5*s = -171. Calculate the greatest common factor of 11 and o.
11
Suppose 0 = 2*k - z - 1300, -k = 2*k - 5*z - 1943. Calculate the highest common divisor of 21 and k.
21
Let b(n) = 23*n - 110. Let z be b(10). Calculate the highest common factor of z and 15.
15
Let s = -411 + 576. Suppose -4*d + 3*d + 3*y = 0, -d = -4*y + 5. Calculate the greatest common divisor of s and d.
15
Let i(f) = -f**3 + 8*f**2 - 7*f + 7. Let h be i(7). Suppose -3*q + l + 27 = h, -3*l = 3*q. Calculate the greatest common factor of 35 and q.
5
Let q(d) = -4*d + 6. Let x be q(-4). Let i(w) = -w**2 - 5*w - 2. Let z be i(-3). Suppose -z*g = -6*g + 22. Calculate the highest common divisor of g and x.
11
Suppose 0 = 2*t - 1 - 11. Let z be (-2 + (-1)/(-4))*(-2 - t). What is the greatest common divisor of z and 154?
14
Suppose -27 = -2*j + 7. Let x = -149 + 217. Suppose -o = -0*o - x. What is the highest common factor of j and o?
17
Suppose -9*z + 2*r + 194 = -8*z, -z + 202 = 2*r. What is the highest common factor of z and 72?
18
Let x be (1 + -1 + -31)*-3. Suppose 3*l + 156 = 4*h - l, 2*h = 5*l + x. Let k be ((-6)/(-9))/(4/102). Calculate the greatest common divisor of h and k.
17
Let r be ((-32)/48)/(2/(-9)). Suppose -x = 5*a - 8, r*a + x = 7*a - 1. Calculate the greatest common divisor of a and 4.
1
Let s = -22 + 292. Calculate the greatest common factor of s and 45.
45
Let f(w) = 7*w**2 - 2*w + 2. Let j be f(4). Let h = j - 71. Calculate the greatest common divisor of h and 35.
35
Suppose 29*h - 638 = -0*h. What is the greatest common factor of h and 913?
11
Suppose 3*v = 21*v - 4446. What is the greatest common divisor of v and 19?
19
Let g be (-45)/2*(-56)/84. What is the highest common factor of 2895 and g?
15
Suppose 0*c = c + 6. Let h be (-404)/(-10) + c/15. Suppose 4*t = -3*y + 43, y - 4*y = 3*t - 33. What is the greatest common factor of h and t?
10
Let j = -30 - -26. Let a(l) = -l**3 + 6*l + 10. Let x be a(j). Calculate the greatest common divisor of x and 20.
10
Suppose -30 = 3*z - 87. Suppose 0 = 5*y + 5*p - 775, 82*p + 167 = y + 87*p. Calculate the greatest common divisor of y and z.
19
Let s = 567 - 243. Calculate the highest common factor of s and 216.
108
Suppose 0 = -4*t + 5*t - 22. Let m(i) = -3*i + 6. Let y be m(-14). Suppose 0 = -r + y - 15. Calculate the greatest common divisor of r and t.
11
Let b(n) = 45*n + 6. Let u be b(-6). Let v be (1/(-2))/(2/u). Suppose -326 = -2*q - 2*z, -4*z + 36 + 451 = 3*q. Calculate the highest common factor of v and q.
33
Let o = -2 - -7. Suppose -70 = -4*m - o*j, -m + 0*j + 28 = -4*j. What is the highest common divisor of m and 10?
10
Let f be (-3 - 1228/(-12)) + 10/15. Let g(s) = 3*s**2 - 5*s - 2. Let z = -1 - 2. Let u be g(z). Calculate the highest common divisor of u and f.
20
Let z(m) = m**3 - 9*m**2 + 10*m - 9. Let c be z(8). Suppose -11 = -r + 17. 